{"id":81,"date":"2023-10-16T22:13:27","date_gmt":"2023-10-16T20:13:27","guid":{"rendered":"https:\/\/kabellion.net\/?page_id=81"},"modified":"2025-09-11T11:48:46","modified_gmt":"2025-09-11T09:48:46","slug":"adhesion","status":"publish","type":"page","link":"https:\/\/kabellion.net\/index.php\/adhesion\/","title":{"rendered":"Adh\u00e9sion"},"content":{"rendered":"\t\t<div data-elementor-type=\"wp-page\" data-elementor-id=\"81\" class=\"elementor elementor-81\" data-elementor-post-type=\"page\">\n\t\t\t\t\t\t<section class=\"elementor-section elementor-top-section elementor-element elementor-element-02a8c45 elementor-section-boxed elementor-section-height-default elementor-section-height-default\" data-id=\"02a8c45\" data-element_type=\"section\" data-e-type=\"section\">\n\t\t\t\t\t\t<div class=\"elementor-container elementor-column-gap-default\">\n\t\t\t\t\t<div class=\"elementor-column elementor-col-100 elementor-top-column elementor-element elementor-element-a0e740d\" data-id=\"a0e740d\" data-element_type=\"column\" data-e-type=\"column\">\n\t\t\t<div class=\"elementor-widget-wrap elementor-element-populated\">\n\t\t\t\t\t\t<div class=\"elementor-element elementor-element-8581a24 elementor-widget elementor-widget-spacer\" data-id=\"8581a24\" data-element_type=\"widget\" data-e-type=\"widget\" data-widget_type=\"spacer.default\">\n\t\t\t\t<div class=\"elementor-widget-container\">\n\t\t\t\t\t\t\t<div class=\"elementor-spacer\">\n\t\t\t<div class=\"elementor-spacer-inner\"><\/div>\n\t\t<\/div>\n\t\t\t\t\t\t<\/div>\n\t\t\t\t<\/div>\n\t\t\t\t\t<\/div>\n\t\t<\/div>\n\t\t\t\t\t<\/div>\n\t\t<\/section>\n\t\t\t\t<section class=\"elementor-section elementor-top-section elementor-element elementor-element-68f12ea elementor-section-boxed elementor-section-height-default elementor-section-height-default\" data-id=\"68f12ea\" data-element_type=\"section\" data-e-type=\"section\">\n\t\t\t\t\t\t<div class=\"elementor-container elementor-column-gap-default\">\n\t\t\t\t\t<div class=\"elementor-column elementor-col-100 elementor-top-column elementor-element elementor-element-1adafa4\" data-id=\"1adafa4\" data-element_type=\"column\" data-e-type=\"column\">\n\t\t\t<div class=\"elementor-widget-wrap elementor-element-populated\">\n\t\t\t\t\t\t<div class=\"elementor-element elementor-element-f0f523e elementor-widget elementor-widget-heading\" data-id=\"f0f523e\" data-element_type=\"widget\" data-e-type=\"widget\" data-widget_type=\"heading.default\">\n\t\t\t\t<div class=\"elementor-widget-container\">\n\t\t\t\t\t<h2 class=\"elementor-heading-title elementor-size-default\">Adh\u00e9rer \u00e0 l'association \/ Renouvellement (Ann\u00e9e 2025-2026)<\/h2>\t\t\t\t<\/div>\n\t\t\t\t<\/div>\n\t\t\t\t<div class=\"elementor-element elementor-element-5316f28 elementor-widget elementor-widget-spacer\" data-id=\"5316f28\" data-element_type=\"widget\" data-e-type=\"widget\" data-widget_type=\"spacer.default\">\n\t\t\t\t<div class=\"elementor-widget-container\">\n\t\t\t\t\t\t\t<div class=\"elementor-spacer\">\n\t\t\t<div class=\"elementor-spacer-inner\"><\/div>\n\t\t<\/div>\n\t\t\t\t\t\t<\/div>\n\t\t\t\t<\/div>\n\t\t\t\t<div class=\"elementor-element elementor-element-930f9b6 elementor-widget elementor-widget-text-editor\" data-id=\"930f9b6\" data-element_type=\"widget\" data-e-type=\"widget\" data-widget_type=\"text-editor.default\">\n\t\t\t\t<div class=\"elementor-widget-container\">\n\t\t\t\t\t\t\t\t\t<p>Cette ann\u00e9e, vous pouvez remplir le bulletin directement en ligne ou le donner en version papier.<\/p>\t\t\t\t\t\t\t\t<\/div>\n\t\t\t\t<\/div>\n\t\t\t\t<div class=\"elementor-element elementor-element-2d20b9d elementor-widget elementor-widget-spacer\" data-id=\"2d20b9d\" data-element_type=\"widget\" data-e-type=\"widget\" data-widget_type=\"spacer.default\">\n\t\t\t\t<div class=\"elementor-widget-container\">\n\t\t\t\t\t\t\t<div class=\"elementor-spacer\">\n\t\t\t<div class=\"elementor-spacer-inner\"><\/div>\n\t\t<\/div>\n\t\t\t\t\t\t<\/div>\n\t\t\t\t<\/div>\n\t\t\t\t<section class=\"elementor-section elementor-inner-section elementor-element elementor-element-24d7599 elementor-section-boxed elementor-section-height-default elementor-section-height-default\" data-id=\"24d7599\" data-element_type=\"section\" data-e-type=\"section\">\n\t\t\t\t\t\t<div class=\"elementor-container elementor-column-gap-default\">\n\t\t\t\t\t<div class=\"elementor-column elementor-col-50 elementor-inner-column elementor-element elementor-element-b5654f0\" data-id=\"b5654f0\" data-element_type=\"column\" data-e-type=\"column\">\n\t\t\t<div class=\"elementor-widget-wrap elementor-element-populated\">\n\t\t\t\t\t\t<div class=\"elementor-element elementor-element-0bcdd4c elementor-view-default elementor-position-block-start elementor-mobile-position-block-start elementor-widget elementor-widget-icon-box\" data-id=\"0bcdd4c\" data-element_type=\"widget\" data-e-type=\"widget\" data-widget_type=\"icon-box.default\">\n\t\t\t\t<div class=\"elementor-widget-container\">\n\t\t\t\t\t\t\t<div class=\"elementor-icon-box-wrapper\">\n\n\t\t\t\t\t\t<div class=\"elementor-icon-box-icon\">\n\t\t\t\t<span  class=\"elementor-icon\">\n\t\t\t\t<i aria-hidden=\"true\" class=\"fas fa-laptop\"><\/i>\t\t\t\t<\/span>\n\t\t\t<\/div>\n\t\t\t\n\t\t\t\n\t\t<\/div>\n\t\t\t\t\t\t<\/div>\n\t\t\t\t<\/div>\n\t\t\t\t<div class=\"elementor-element elementor-element-73fcfbb elementor-align-center elementor-widget elementor-widget-button\" data-id=\"73fcfbb\" data-element_type=\"widget\" data-e-type=\"widget\" data-widget_type=\"button.default\">\n\t\t\t\t<div class=\"elementor-widget-container\">\n\t\t\t\t\t\t\t\t\t<div class=\"elementor-button-wrapper\">\n\t\t\t\t\t<a class=\"elementor-button elementor-button-link elementor-size-sm elementor-animation-grow\" href=\"https:\/\/docs.google.com\/forms\/d\/e\/1FAIpQLScC9ZR6kXFzgkoR9B-Iil-I5FeFndeG1Uvh_RZvmGz6gCC8ug\/viewform?usp=dialog\" target=\"_blank\">\n\t\t\t\t\t\t<span class=\"elementor-button-content-wrapper\">\n\t\t\t\t\t\t\t\t\t<span class=\"elementor-button-text\">Remplir le questionnaire d'adh\u00e9sion ou de renouvellement en ligne<\/span>\n\t\t\t\t\t<\/span>\n\t\t\t\t\t<\/a>\n\t\t\t\t<\/div>\n\t\t\t\t\t\t\t\t<\/div>\n\t\t\t\t<\/div>\n\t\t\t\t\t<\/div>\n\t\t<\/div>\n\t\t\t\t<div class=\"elementor-column elementor-col-50 elementor-inner-column elementor-element elementor-element-04559d5\" data-id=\"04559d5\" data-element_type=\"column\" data-e-type=\"column\">\n\t\t\t<div class=\"elementor-widget-wrap elementor-element-populated\">\n\t\t\t\t\t\t<div class=\"elementor-element elementor-element-902e394 elementor-view-default elementor-position-block-start elementor-mobile-position-block-start elementor-widget elementor-widget-icon-box\" data-id=\"902e394\" data-element_type=\"widget\" data-e-type=\"widget\" data-widget_type=\"icon-box.default\">\n\t\t\t\t<div class=\"elementor-widget-container\">\n\t\t\t\t\t\t\t<div class=\"elementor-icon-box-wrapper\">\n\n\t\t\t\t\t\t<div class=\"elementor-icon-box-icon\">\n\t\t\t\t<span  class=\"elementor-icon\">\n\t\t\t\t<i aria-hidden=\"true\" class=\"fas fa-print\"><\/i>\t\t\t\t<\/span>\n\t\t\t<\/div>\n\t\t\t\n\t\t\t\n\t\t<\/div>\n\t\t\t\t\t\t<\/div>\n\t\t\t\t<\/div>\n\t\t\t\t<div class=\"elementor-element elementor-element-99a4e38 elementor-align-center elementor-widget elementor-widget-button\" data-id=\"99a4e38\" data-element_type=\"widget\" data-e-type=\"widget\" data-widget_type=\"button.default\">\n\t\t\t\t<div class=\"elementor-widget-container\">\n\t\t\t\t\t\t\t\t\t<div class=\"elementor-button-wrapper\">\n\t\t\t\t\t<a class=\"elementor-button elementor-button-link elementor-size-sm elementor-animation-grow\" href=\"https:\/\/kabellion.net\/wp-content\/uploads\/2025\/09\/bulletin-adhesion-2025-2026.pdf\" target=\"_blank\">\n\t\t\t\t\t\t<span class=\"elementor-button-content-wrapper\">\n\t\t\t\t\t\t\t\t\t<span class=\"elementor-button-text\">Imprimer et donner le bulletin d'adh\u00e9sion ou de renouvellement <\/span>\n\t\t\t\t\t<\/span>\n\t\t\t\t\t<\/a>\n\t\t\t\t<\/div>\n\t\t\t\t\t\t\t\t<\/div>\n\t\t\t\t<\/div>\n\t\t\t\t\t<\/div>\n\t\t<\/div>\n\t\t\t\t\t<\/div>\n\t\t<\/section>\n\t\t\t\t<div class=\"elementor-element elementor-element-e3e94de elementor-hidden-desktop elementor-hidden-tablet elementor-hidden-mobile elementor-widget elementor-widget-text-editor\" data-id=\"e3e94de\" data-element_type=\"widget\" data-e-type=\"widget\" data-widget_type=\"text-editor.default\">\n\t\t\t\t<div class=\"elementor-widget-container\">\n\t\t\t\t\t\t\t\t\t<p>Bulletin \u00e0 remplir :<\/p><p>Nouvelle adh\u00e9sion (oui\/non) :\u00a0 \u00a0 \u00a0 \u00a0 \u00a0 \u00a0 \u00a0Renouvellement (oui\/non) :<\/p><p>Mme, M, Mme &amp; M (Rayez les mentions) NOM &#8211; Pr\u00e9nom(s) \u00a0: \u2026\u2026\u2026\u2026\u2026\u2026\u2026\u2026\u2026\u2026\u2026\u2026\u2026\u2026\u2026\u2026\u2026\u2026\u2026\u2026\u2026\u2026\u2026\u2026\u2026\u2026\u2026\u2026.<br \/>Adresse\u00a0: \u2026\u2026\u2026\u2026\u2026\u2026\u2026\u2026\u2026\u2026\u2026\u2026\u2026\u2026\u2026\u2026\u2026\u2026\u2026\u2026\u2026\u2026\u2026\u2026\u2026\u2026\u2026\u2026\u2026\u2026\u2026\u2026\u2026\u2026Code Postal\u00a0: \u2026\u2026\u2026\u2026\u2026\u2026.Ville\u00a0:\u2026\u2026\u2026\u2026\u2026\u2026\u2026\u2026\u2026\u2026..<br \/>T\u00e9l\u00e9phone : \u2026\u2026\u2026\u2026\u2026\u2026\u2026\u2026\u2026\u2026Portable : \u2026\u2026\u2026\u2026\u2026\u2026\u2026\u2026\u2026\u2026 Email : \u2026\u2026\u2026\u2026\u2026\u2026\u2026\u2026\u2026\u2026\u2026\u2026\u2026\u2026\u2026\u2026\u2026\u2026\u2026\u2026\u2026\u2026\u2026&#8230;&#8230;&#8230;&#8230;&#8230;..<\/p><p>Versement\u00a0: \u2026\u2026\u2026\u2026\u2026\u2026\u2026\u2026.Euros\u00a0 \u00a0 \u00a0 Don\u00a0: \u2026\u2026\u2026\u2026\u2026\u2026\u2026\u2026Euros<br \/>25 \u20ac \/ personne\u00a0 \u00a0 40 \u20ac \/ couple\u00a0 \u00a0 \u00a015\u20ac \/ jeune &amp; \u00e9tudiant (versement minima)<br \/><span style=\"font-style: inherit; font-weight: inherit; background-color: var(--ast-global-color-5);\"><br \/><\/span><\/p><p>R\u00e8glement :<\/p><p>Ch\u00e8que\u00a0 \u00a0 \u00a0Esp\u00e8ces\u00a0 \u00a0 \u00a0 Virement<\/p><p>Ch\u00e8que \u00e0 l\u2019ordre de : Association KABELLION, joint au pr\u00e9sent bulletin, adress\u00e9 au tr\u00e9sorier<br \/>par virement\u00a0: IBAN N\u00b0 FR76 1130 6000 8402 7693 2800 182 BIC N\u00b0 AGRIFRPP813<\/p><p>Droit \u00e0 l\u2019image :<br \/>Par mon inscription ci-dessus, j\u2019autorise la diffusion occasionnelle de mon image lors de toute communication concernant la vie de l\u2019association.<\/p><p>Tr\u00e9sorier\u00a0: M Jean-Pierre REVOL <br \/>81, chemin des Vautes 84300 Cavaillon<br \/>T\u00e9l. : 06 45 05 71 68 <br \/>Email\u00a0: jpierre.revol@gmail.com<\/p>\t\t\t\t\t\t\t\t<\/div>\n\t\t\t\t<\/div>\n\t\t\t\t\t<\/div>\n\t\t<\/div>\n\t\t\t\t\t<\/div>\n\t\t<\/section>\n\t\t\t\t<section class=\"elementor-section elementor-top-section elementor-element elementor-element-15f26b8 elementor-section-boxed elementor-section-height-default elementor-section-height-default\" data-id=\"15f26b8\" data-element_type=\"section\" data-e-type=\"section\">\n\t\t\t\t\t\t<div class=\"elementor-container elementor-column-gap-default\">\n\t\t\t\t\t<div class=\"elementor-column elementor-col-100 elementor-top-column elementor-element elementor-element-44743b1\" data-id=\"44743b1\" data-element_type=\"column\" data-e-type=\"column\">\n\t\t\t<div class=\"elementor-widget-wrap elementor-element-populated\">\n\t\t\t\t\t\t<div class=\"elementor-element elementor-element-5950c41 elementor-widget elementor-widget-spacer\" data-id=\"5950c41\" data-element_type=\"widget\" data-e-type=\"widget\" data-widget_type=\"spacer.default\">\n\t\t\t\t<div class=\"elementor-widget-container\">\n\t\t\t\t\t\t\t<div class=\"elementor-spacer\">\n\t\t\t<div class=\"elementor-spacer-inner\"><\/div>\n\t\t<\/div>\n\t\t\t\t\t\t<\/div>\n\t\t\t\t<\/div>\n\t\t\t\t\t<\/div>\n\t\t<\/div>\n\t\t\t\t\t<\/div>\n\t\t<\/section>\n\t\t\t\t<\/div>\n\t\t","protected":false},"excerpt":{"rendered":"<p>Adh\u00e9rer \u00e0 l&rsquo;association \/ Renouvellement (Ann\u00e9e 2025-2026) Cette ann\u00e9e, vous pouvez remplir le bulletin directement en ligne ou le donner en version papier. Remplir le questionnaire d&rsquo;adh\u00e9sion ou de renouvellement en ligne Imprimer et donner le bulletin d&rsquo;adh\u00e9sion ou de renouvellement Bulletin \u00e0 remplir : Nouvelle adh\u00e9sion (oui\/non) :\u00a0 \u00a0 \u00a0 \u00a0 \u00a0 \u00a0 \u00a0Renouvellement [&hellip;]<\/p>\n","protected":false},"author":1,"featured_media":0,"parent":0,"menu_order":0,"comment_status":"closed","ping_status":"closed","template":"","meta":{"site-sidebar-layout":"no-sidebar","site-content-layout":"","ast-site-content-layout":"full-width-container","site-content-style":"default","site-sidebar-style":"default","ast-global-header-display":"","ast-banner-title-visibility":"","ast-main-header-display":"","ast-hfb-above-header-display":"","ast-hfb-below-header-display":"","ast-hfb-mobile-header-display":"","site-post-title":"disabled","ast-breadcrumbs-content":"","ast-featured-img":"disabled","footer-sml-layout":"","ast-disable-related-posts":"","theme-transparent-header-meta":"","adv-header-id-meta":"","stick-header-meta":"","header-above-stick-meta":"","header-main-stick-meta":"","header-below-stick-meta":"","astra-migrate-meta-layouts":"default","ast-page-background-enabled":"default","ast-page-background-meta":{"desktop":{"background-color":"var(--ast-global-color-4)","background-image":"","background-repeat":"repeat","background-position":"center center","background-size":"auto","background-attachment":"scroll","background-type":"","background-media":"","overlay-type":"","overlay-color":"","overlay-opacity":"","overlay-gradient":""},"tablet":{"background-color":"","background-image":"","background-repeat":"repeat","background-position":"center center","background-size":"auto","background-attachment":"scroll","background-type":"","background-media":"","overlay-type":"","overlay-color":"","overlay-opacity":"","overlay-gradient":""},"mobile":{"background-color":"","background-image":"","background-repeat":"repeat","background-position":"center center","background-size":"auto","background-attachment":"scroll","background-type":"","background-media":"","overlay-type":"","overlay-color":"","overlay-opacity":"","overlay-gradient":""}},"ast-content-background-meta":{"desktop":{"background-color":"var(--ast-global-color-5)","background-image":"","background-repeat":"repeat","background-position":"center center","background-size":"auto","background-attachment":"scroll","background-type":"","background-media":"","overlay-type":"","overlay-color":"","overlay-opacity":"","overlay-gradient":""},"tablet":{"background-color":"var(--ast-global-color-5)","background-image":"","background-repeat":"repeat","background-position":"center center","background-size":"auto","background-attachment":"scroll","background-type":"","background-media":"","overlay-type":"","overlay-color":"","overlay-opacity":"","overlay-gradient":""},"mobile":{"background-color":"var(--ast-global-color-5)","background-image":"","background-repeat":"repeat","background-position":"center center","background-size":"auto","background-attachment":"scroll","background-type":"","background-media":"","overlay-type":"","overlay-color":"","overlay-opacity":"","overlay-gradient":""}},"footnotes":""},"class_list":["post-81","page","type-page","status-publish","hentry"],"yoast_head":"<!-- This site is optimized with the Yoast SEO plugin v27.1.1 - https:\/\/yoast.com\/product\/yoast-seo-wordpress\/ -->\n<title>Adh\u00e9rer \u00e0 l&#039;association - kabellion<\/title>\n<meta name=\"description\" content=\"Rejoignez l&#039;association Kabellion situ\u00e9e \u00e0 Cavaillon !\" \/>\n<meta name=\"robots\" content=\"index, follow, max-snippet:-1, max-image-preview:large, max-video-preview:-1\" \/>\n<link rel=\"canonical\" href=\"https:\/\/kabellion.net\/index.php\/adhesion\/\" \/>\n<meta property=\"og:locale\" content=\"fr_FR\" \/>\n<meta property=\"og:type\" content=\"article\" \/>\n<meta property=\"og:title\" content=\"Adh\u00e9rer \u00e0 l&#039;association - kabellion\" \/>\n<meta property=\"og:description\" content=\"Rejoignez l&#039;association Kabellion situ\u00e9e \u00e0 Cavaillon !\" \/>\n<meta property=\"og:url\" content=\"https:\/\/kabellion.net\/index.php\/adhesion\/\" \/>\n<meta property=\"og:site_name\" content=\"kabellion\" \/>\n<meta property=\"article:modified_time\" content=\"2025-09-11T09:48:46+00:00\" \/>\n<meta name=\"twitter:card\" content=\"summary_large_image\" \/>\n<meta name=\"twitter:label1\" content=\"Dur\u00e9e de lecture estim\u00e9e\" \/>\n\t<meta name=\"twitter:data1\" content=\"1 minute\" \/>\n<script type=\"application\/ld+json\" class=\"yoast-schema-graph\">{\"@context\":\"https:\/\/schema.org\",\"@graph\":[{\"@type\":\"WebPage\",\"@id\":\"https:\/\/kabellion.net\/index.php\/adhesion\/\",\"url\":\"https:\/\/kabellion.net\/index.php\/adhesion\/\",\"name\":\"Adh\u00e9rer \u00e0 l'association - kabellion\",\"isPartOf\":{\"@id\":\"https:\/\/kabellion.net\/#website\"},\"datePublished\":\"2023-10-16T20:13:27+00:00\",\"dateModified\":\"2025-09-11T09:48:46+00:00\",\"description\":\"Rejoignez l'association Kabellion situ\u00e9e \u00e0 Cavaillon !\",\"breadcrumb\":{\"@id\":\"https:\/\/kabellion.net\/index.php\/adhesion\/#breadcrumb\"},\"inLanguage\":\"fr-FR\",\"potentialAction\":[{\"@type\":\"ReadAction\",\"target\":[\"https:\/\/kabellion.net\/index.php\/adhesion\/\"]}]},{\"@type\":\"BreadcrumbList\",\"@id\":\"https:\/\/kabellion.net\/index.php\/adhesion\/#breadcrumb\",\"itemListElement\":[{\"@type\":\"ListItem\",\"position\":1,\"name\":\"Accueil\",\"item\":\"https:\/\/kabellion.net\/\"},{\"@type\":\"ListItem\",\"position\":2,\"name\":\"Adh\u00e9sion\"}]},{\"@type\":\"WebSite\",\"@id\":\"https:\/\/kabellion.net\/#website\",\"url\":\"https:\/\/kabellion.net\/\",\"name\":\"kabellion\",\"description\":\"Kabellion Histoire &amp; patrimoine de Cavaillon\",\"publisher\":{\"@id\":\"https:\/\/kabellion.net\/#organization\"},\"potentialAction\":[{\"@type\":\"SearchAction\",\"target\":{\"@type\":\"EntryPoint\",\"urlTemplate\":\"https:\/\/kabellion.net\/?s={search_term_string}\"},\"query-input\":{\"@type\":\"PropertyValueSpecification\",\"valueRequired\":true,\"valueName\":\"search_term_string\"}}],\"inLanguage\":\"fr-FR\"},{\"@type\":\"Organization\",\"@id\":\"https:\/\/kabellion.net\/#organization\",\"name\":\"kabellion\",\"url\":\"https:\/\/kabellion.net\/\",\"logo\":{\"@type\":\"ImageObject\",\"inLanguage\":\"fr-FR\",\"@id\":\"https:\/\/kabellion.net\/#\/schema\/logo\/image\/\",\"url\":\"https:\/\/kabellion.net\/wp-content\/uploads\/2023\/10\/Logo-Kabellion.jpeg\",\"contentUrl\":\"https:\/\/kabellion.net\/wp-content\/uploads\/2023\/10\/Logo-Kabellion.jpeg\",\"width\":843,\"height\":363,\"caption\":\"kabellion\"},\"image\":{\"@id\":\"https:\/\/kabellion.net\/#\/schema\/logo\/image\/\"}}]}<\/script>\n<!-- \/ Yoast SEO plugin. -->","yoast_head_json":{"title":"Adh\u00e9rer \u00e0 l'association - kabellion","description":"Rejoignez l'association Kabellion situ\u00e9e \u00e0 Cavaillon !","robots":{"index":"index","follow":"follow","max-snippet":"max-snippet:-1","max-image-preview":"max-image-preview:large","max-video-preview":"max-video-preview:-1"},"canonical":"https:\/\/kabellion.net\/index.php\/adhesion\/","og_locale":"fr_FR","og_type":"article","og_title":"Adh\u00e9rer \u00e0 l'association - kabellion","og_description":"Rejoignez l'association Kabellion situ\u00e9e \u00e0 Cavaillon !","og_url":"https:\/\/kabellion.net\/index.php\/adhesion\/","og_site_name":"kabellion","article_modified_time":"2025-09-11T09:48:46+00:00","twitter_card":"summary_large_image","twitter_misc":{"Dur\u00e9e de lecture estim\u00e9e":"1 minute"},"schema":{"@context":"https:\/\/schema.org","@graph":[{"@type":"WebPage","@id":"https:\/\/kabellion.net\/index.php\/adhesion\/","url":"https:\/\/kabellion.net\/index.php\/adhesion\/","name":"Adh\u00e9rer \u00e0 l'association - kabellion","isPartOf":{"@id":"https:\/\/kabellion.net\/#website"},"datePublished":"2023-10-16T20:13:27+00:00","dateModified":"2025-09-11T09:48:46+00:00","description":"Rejoignez l'association Kabellion situ\u00e9e \u00e0 Cavaillon !","breadcrumb":{"@id":"https:\/\/kabellion.net\/index.php\/adhesion\/#breadcrumb"},"inLanguage":"fr-FR","potentialAction":[{"@type":"ReadAction","target":["https:\/\/kabellion.net\/index.php\/adhesion\/"]}]},{"@type":"BreadcrumbList","@id":"https:\/\/kabellion.net\/index.php\/adhesion\/#breadcrumb","itemListElement":[{"@type":"ListItem","position":1,"name":"Accueil","item":"https:\/\/kabellion.net\/"},{"@type":"ListItem","position":2,"name":"Adh\u00e9sion"}]},{"@type":"WebSite","@id":"https:\/\/kabellion.net\/#website","url":"https:\/\/kabellion.net\/","name":"kabellion","description":"Kabellion Histoire &amp; patrimoine de Cavaillon","publisher":{"@id":"https:\/\/kabellion.net\/#organization"},"potentialAction":[{"@type":"SearchAction","target":{"@type":"EntryPoint","urlTemplate":"https:\/\/kabellion.net\/?s={search_term_string}"},"query-input":{"@type":"PropertyValueSpecification","valueRequired":true,"valueName":"search_term_string"}}],"inLanguage":"fr-FR"},{"@type":"Organization","@id":"https:\/\/kabellion.net\/#organization","name":"kabellion","url":"https:\/\/kabellion.net\/","logo":{"@type":"ImageObject","inLanguage":"fr-FR","@id":"https:\/\/kabellion.net\/#\/schema\/logo\/image\/","url":"https:\/\/kabellion.net\/wp-content\/uploads\/2023\/10\/Logo-Kabellion.jpeg","contentUrl":"https:\/\/kabellion.net\/wp-content\/uploads\/2023\/10\/Logo-Kabellion.jpeg","width":843,"height":363,"caption":"kabellion"},"image":{"@id":"https:\/\/kabellion.net\/#\/schema\/logo\/image\/"}}]}},"_links":{"self":[{"href":"https:\/\/kabellion.net\/index.php\/wp-json\/wp\/v2\/pages\/81","targetHints":{"allow":["GET"]}}],"collection":[{"href":"https:\/\/kabellion.net\/index.php\/wp-json\/wp\/v2\/pages"}],"about":[{"href":"https:\/\/kabellion.net\/index.php\/wp-json\/wp\/v2\/types\/page"}],"author":[{"embeddable":true,"href":"https:\/\/kabellion.net\/index.php\/wp-json\/wp\/v2\/users\/1"}],"replies":[{"embeddable":true,"href":"https:\/\/kabellion.net\/index.php\/wp-json\/wp\/v2\/comments?post=81"}],"version-history":[{"count":59,"href":"https:\/\/kabellion.net\/index.php\/wp-json\/wp\/v2\/pages\/81\/revisions"}],"predecessor-version":[{"id":1269,"href":"https:\/\/kabellion.net\/index.php\/wp-json\/wp\/v2\/pages\/81\/revisions\/1269"}],"wp:attachment":[{"href":"https:\/\/kabellion.net\/index.php\/wp-json\/wp\/v2\/media?parent=81"}],"curies":[{"name":"wp","href":"https:\/\/api.w.org\/{rel}","templated":true}]}}