{"id":197,"date":"2023-11-02T10:54:37","date_gmt":"2023-11-02T09:54:37","guid":{"rendered":"https:\/\/kabellion.net\/?page_id=197"},"modified":"2023-11-02T10:54:37","modified_gmt":"2023-11-02T09:54:37","slug":"conditions-generales-dutilisation","status":"publish","type":"page","link":"https:\/\/kabellion.net\/index.php\/conditions-generales-dutilisation\/","title":{"rendered":"Conditions g\u00e9n\u00e9rales d&rsquo;utilisation"},"content":{"rendered":"\n<p><strong>Objet :<\/strong><\/p>\n\n\n\n<p>Les pr\u00e9sentes conditions g\u00e9n\u00e9rales d\u2019utilisation (dites \u00abconditions g\u00e9n\u00e9rales\u00bb) r\u00e9gissent la navigation sur le site: kabellion.net et la mise \u00e0 disposition par l&rsquo;association Kabellion (ci-apr\u00e8s \u00able Prestataire\u00bb) de ses services aupr\u00e8s de tout internaute ou visiteur du site (ci-apr\u00e8s \u00abl\u2019Utilisateur\u00bb). L\u2019identification compl\u00e8te du Prestataire est disponible sur la page des mentions l\u00e9gales du site.<\/p>\n\n\n\n<p><strong>Acc\u00e8s au service :<\/strong><\/p>\n\n\n\n<p>Le site permet \u00e0 l\u2019Utilisateur de prendre contact avec le Prestataire. La disponibilit\u00e9 de ces services n\u2019est pas un engagement ferme du Prestataire, qui peut \u00e0 tout moment restreindre leur acc\u00e8s ainsi que l\u2019\u00e9tendue des services et fonctionnalit\u00e9s propos\u00e9s, sous r\u00e9serve d\u2019honorer les contrats ant\u00e9rieurement conclus. Le site est accessible gratuitement en tout lieu \u00e0 tout Utilisateur ayant un acc\u00e8s \u00e0 Internet. Tous les frais support\u00e9s par l\u2019Utilisateur pour acc\u00e9der au service (mat\u00e9riel informatique, logiciels, connexion Internet, etc.) sont \u00e0 sa charge.<\/p>\n\n\n\n<p><strong>Traitement des donn\u00e9es \u00e0 caract\u00e8re personnel&nbsp; :<\/strong><\/p>\n\n\n\n<p>Toutes les informations recueillies comme le num\u00e9ro de t\u00e9l\u00e9phone, nom, pr\u00e9nom ou encore adresse sont gard\u00e9es afin de pouvoir contacter la personne par la suite plus facilement. L\u2019utilisateur\/client peut demander \u00e0 l&rsquo;association Kabellion de supprimer les informations qu\u2019il d\u00e9tient sur lui via l\u2019adresse mail suivante : secretariatkabellion@gmail.com.<\/p>\n\n\n\n<p><strong>Responsabilit\u00e9s :<\/strong><\/p>\n\n\n\n<p>L\u2019Utilisateur est responsable des usages qu\u2019il fait des services propos\u00e9s par le Prestataire, notamment de toute utilisation frauduleuse ou illicite de moyens de paiement. Le prestataire ne peut \u00eatre tenu pour responsable d\u2019\u00e9ventuels virus ou programme malveillant qui pourrait infecter l\u2019ordinateur ou tout mat\u00e9riel informatique de l\u2019Utilisateur, r\u00e9sultant d\u2019une utilisation, d\u2019un acc\u00e8s, ou d\u2019un t\u00e9l\u00e9chargement provenant du site. L\u2019Utilisateur reconna\u00eet et accepte que le r\u00e9seau Internet puisse comporter des risques li\u00e9s \u00e0 l\u2019absence de protection de certaines donn\u00e9es contre des d\u00e9tournements suppl\u00e9mentaires et des risques de contamination par un programme malveillant. Le Prestataire ne peut ainsi \u00eatre tenu responsable d\u2019aucune perte ou alt\u00e9ration de donn\u00e9es, d\u2019aucune perte de profit, de chiffre d\u2019affaires, d\u2019opportunit\u00e9, de temps ou d\u2019aucun dommage indirect, que ladite perte ou ledit dommage soit d\u00fb \u00e0 une n\u00e9gligence, ou \u00e0 toute autre cause. Le Prestataire ne saurait \u00eatre tenu responsable envers l\u2019Utilisateur en cas d\u2019indisponibilit\u00e9 des fonctions propos\u00e9es sur le site. La responsabilit\u00e9 du prestataire ne peut \u00eatre engag\u00e9e en cas de force majeure ou du fait impr\u00e9visible et insurmontable d\u2019un tiers.<\/p>\n\n\n\n<p><strong>Liens hypertextes :<\/strong><\/p>\n\n\n\n<p>Des liens hypertextes peuvent \u00eatre pr\u00e9sents sur le site. L\u2019Utilisateur est inform\u00e9 qu\u2019en cliquant sur ces liens, il sortira du site. Ce dernier n\u2019a pas de contr\u00f4le sur les pages web sur ces liens et ne saurait, en aucun cas, \u00eatre responsable de leur contenu.<\/p>\n\n\n\n<p><strong>Modifications des conditions g\u00e9n\u00e9rales pr\u00e9sentes :<\/strong><\/p>\n\n\n\n<p>Les conditions g\u00e9n\u00e9rales pr\u00e9sentes sont modifiables \u00e0 tout moment par le prestataire et directement applicables lors de leur mise en ligne.<\/p>\n\n\n\n<p><strong>Droit applicable et juridiction comp\u00e9tente :<\/strong><\/p>\n\n\n\n<p>La l\u00e9gislation fran\u00e7aise s\u2019applique aux conditions g\u00e9n\u00e9rales, hors application des lois imp\u00e9ratives du lieu de domicile de l\u2019Utilisateur consommateur. L\u2019annulation ou l\u2019invalidation d\u2019une des clauses des pr\u00e9sentes conditions g\u00e9n\u00e9rales ne peut entra\u00eener la nullit\u00e9 des autres clauses. Faute de r\u00e9solution amiable d\u2019un litige n\u00e9 entre les parties, les tribunaux fran\u00e7ais seront seuls comp\u00e9tents pour en conna\u00eetre, hors application du privil\u00e8ge de juridiction accord\u00e9e au consommateur, conform\u00e9ment aux dispositions du R\u00e8glement UE n \u00b0 1215\/2012 du Parlement europ\u00e9en et du Conseil du 12 d\u00e9cembre 2012.<\/p>\n","protected":false},"excerpt":{"rendered":"<p>Objet : Les pr\u00e9sentes conditions g\u00e9n\u00e9rales d\u2019utilisation (dites \u00abconditions g\u00e9n\u00e9rales\u00bb) r\u00e9gissent la navigation sur le site: kabellion.net et la mise \u00e0 disposition par l&rsquo;association Kabellion (ci-apr\u00e8s \u00able Prestataire\u00bb) de ses services aupr\u00e8s de tout internaute ou visiteur du site (ci-apr\u00e8s \u00abl\u2019Utilisateur\u00bb). L\u2019identification compl\u00e8te du Prestataire est disponible sur la page des mentions l\u00e9gales du site. [&hellip;]<\/p>\n","protected":false},"author":1,"featured_media":0,"parent":0,"menu_order":0,"comment_status":"closed","ping_status":"closed","template":"","meta":{"site-sidebar-layout":"default","site-content-layout":"","ast-site-content-layout":"default","site-content-style":"default","site-sidebar-style":"default","ast-global-header-display":"","ast-banner-title-visibility":"","ast-main-header-display":"","ast-hfb-above-header-display":"","ast-hfb-below-header-display":"","ast-hfb-mobile-header-display":"","site-post-title":"","ast-breadcrumbs-content":"","ast-featured-img":"","footer-sml-layout":"","ast-disable-related-posts":"","theme-transparent-header-meta":"","adv-header-id-meta":"","stick-header-meta":"","header-above-stick-meta":"","header-main-stick-meta":"","header-below-stick-meta":"","astra-migrate-meta-layouts":"default","ast-page-background-enabled":"default","ast-page-background-meta":{"desktop":{"background-color":"var(--ast-global-color-4)","background-image":"","background-repeat":"repeat","background-position":"center center","background-size":"auto","background-attachment":"scroll","background-type":"","background-media":"","overlay-type":"","overlay-color":"","overlay-opacity":"","overlay-gradient":""},"tablet":{"background-color":"","background-image":"","background-repeat":"repeat","background-position":"center center","background-size":"auto","background-attachment":"scroll","background-type":"","background-media":"","overlay-type":"","overlay-color":"","overlay-opacity":"","overlay-gradient":""},"mobile":{"background-color":"","background-image":"","background-repeat":"repeat","background-position":"center center","background-size":"auto","background-attachment":"scroll","background-type":"","background-media":"","overlay-type":"","overlay-color":"","overlay-opacity":"","overlay-gradient":""}},"ast-content-background-meta":{"desktop":{"background-color":"var(--ast-global-color-5)","background-image":"","background-repeat":"repeat","background-position":"center center","background-size":"auto","background-attachment":"scroll","background-type":"","background-media":"","overlay-type":"","overlay-color":"","overlay-opacity":"","overlay-gradient":""},"tablet":{"background-color":"var(--ast-global-color-5)","background-image":"","background-repeat":"repeat","background-position":"center center","background-size":"auto","background-attachment":"scroll","background-type":"","background-media":"","overlay-type":"","overlay-color":"","overlay-opacity":"","overlay-gradient":""},"mobile":{"background-color":"var(--ast-global-color-5)","background-image":"","background-repeat":"repeat","background-position":"center center","background-size":"auto","background-attachment":"scroll","background-type":"","background-media":"","overlay-type":"","overlay-color":"","overlay-opacity":"","overlay-gradient":""}},"footnotes":""},"class_list":["post-197","page","type-page","status-publish","hentry"],"yoast_head":"<!-- This site is optimized with the Yoast SEO plugin v27.1.1 - https:\/\/yoast.com\/product\/yoast-seo-wordpress\/ -->\n<title>Conditions g\u00e9n\u00e9rales d&#039;utilisation - kabellion<\/title>\n<meta name=\"robots\" content=\"index, follow, max-snippet:-1, max-image-preview:large, max-video-preview:-1\" \/>\n<link rel=\"canonical\" href=\"https:\/\/kabellion.net\/index.php\/conditions-generales-dutilisation\/\" \/>\n<meta property=\"og:locale\" content=\"fr_FR\" \/>\n<meta property=\"og:type\" content=\"article\" \/>\n<meta property=\"og:title\" content=\"Conditions g\u00e9n\u00e9rales d&#039;utilisation - kabellion\" \/>\n<meta property=\"og:description\" content=\"Objet : Les pr\u00e9sentes conditions g\u00e9n\u00e9rales d\u2019utilisation (dites \u00abconditions g\u00e9n\u00e9rales\u00bb) r\u00e9gissent la navigation sur le site: kabellion.net et la mise \u00e0 disposition par l&rsquo;association Kabellion (ci-apr\u00e8s \u00able Prestataire\u00bb) de ses services aupr\u00e8s de tout internaute ou visiteur du site (ci-apr\u00e8s \u00abl\u2019Utilisateur\u00bb). L\u2019identification compl\u00e8te du Prestataire est disponible sur la page des mentions l\u00e9gales du site. [&hellip;]\" \/>\n<meta property=\"og:url\" content=\"https:\/\/kabellion.net\/index.php\/conditions-generales-dutilisation\/\" \/>\n<meta property=\"og:site_name\" content=\"kabellion\" \/>\n<meta name=\"twitter:card\" content=\"summary_large_image\" \/>\n<meta name=\"twitter:label1\" content=\"Dur\u00e9e de lecture estim\u00e9e\" \/>\n\t<meta name=\"twitter:data1\" content=\"3 minutes\" \/>\n<script type=\"application\/ld+json\" class=\"yoast-schema-graph\">{\"@context\":\"https:\/\/schema.org\",\"@graph\":[{\"@type\":\"WebPage\",\"@id\":\"https:\/\/kabellion.net\/index.php\/conditions-generales-dutilisation\/\",\"url\":\"https:\/\/kabellion.net\/index.php\/conditions-generales-dutilisation\/\",\"name\":\"Conditions g\u00e9n\u00e9rales d'utilisation - kabellion\",\"isPartOf\":{\"@id\":\"https:\/\/kabellion.net\/#website\"},\"datePublished\":\"2023-11-02T09:54:37+00:00\",\"breadcrumb\":{\"@id\":\"https:\/\/kabellion.net\/index.php\/conditions-generales-dutilisation\/#breadcrumb\"},\"inLanguage\":\"fr-FR\",\"potentialAction\":[{\"@type\":\"ReadAction\",\"target\":[\"https:\/\/kabellion.net\/index.php\/conditions-generales-dutilisation\/\"]}]},{\"@type\":\"BreadcrumbList\",\"@id\":\"https:\/\/kabellion.net\/index.php\/conditions-generales-dutilisation\/#breadcrumb\",\"itemListElement\":[{\"@type\":\"ListItem\",\"position\":1,\"name\":\"Accueil\",\"item\":\"https:\/\/kabellion.net\/\"},{\"@type\":\"ListItem\",\"position\":2,\"name\":\"Conditions g\u00e9n\u00e9rales d&rsquo;utilisation\"}]},{\"@type\":\"WebSite\",\"@id\":\"https:\/\/kabellion.net\/#website\",\"url\":\"https:\/\/kabellion.net\/\",\"name\":\"kabellion\",\"description\":\"Kabellion Histoire &amp; patrimoine de Cavaillon\",\"publisher\":{\"@id\":\"https:\/\/kabellion.net\/#organization\"},\"potentialAction\":[{\"@type\":\"SearchAction\",\"target\":{\"@type\":\"EntryPoint\",\"urlTemplate\":\"https:\/\/kabellion.net\/?s={search_term_string}\"},\"query-input\":{\"@type\":\"PropertyValueSpecification\",\"valueRequired\":true,\"valueName\":\"search_term_string\"}}],\"inLanguage\":\"fr-FR\"},{\"@type\":\"Organization\",\"@id\":\"https:\/\/kabellion.net\/#organization\",\"name\":\"kabellion\",\"url\":\"https:\/\/kabellion.net\/\",\"logo\":{\"@type\":\"ImageObject\",\"inLanguage\":\"fr-FR\",\"@id\":\"https:\/\/kabellion.net\/#\/schema\/logo\/image\/\",\"url\":\"https:\/\/kabellion.net\/wp-content\/uploads\/2023\/10\/Logo-Kabellion.jpeg\",\"contentUrl\":\"https:\/\/kabellion.net\/wp-content\/uploads\/2023\/10\/Logo-Kabellion.jpeg\",\"width\":843,\"height\":363,\"caption\":\"kabellion\"},\"image\":{\"@id\":\"https:\/\/kabellion.net\/#\/schema\/logo\/image\/\"}}]}<\/script>\n<!-- \/ Yoast SEO plugin. -->","yoast_head_json":{"title":"Conditions g\u00e9n\u00e9rales d'utilisation - kabellion","robots":{"index":"index","follow":"follow","max-snippet":"max-snippet:-1","max-image-preview":"max-image-preview:large","max-video-preview":"max-video-preview:-1"},"canonical":"https:\/\/kabellion.net\/index.php\/conditions-generales-dutilisation\/","og_locale":"fr_FR","og_type":"article","og_title":"Conditions g\u00e9n\u00e9rales d'utilisation - kabellion","og_description":"Objet : Les pr\u00e9sentes conditions g\u00e9n\u00e9rales d\u2019utilisation (dites \u00abconditions g\u00e9n\u00e9rales\u00bb) r\u00e9gissent la navigation sur le site: kabellion.net et la mise \u00e0 disposition par l&rsquo;association Kabellion (ci-apr\u00e8s \u00able Prestataire\u00bb) de ses services aupr\u00e8s de tout internaute ou visiteur du site (ci-apr\u00e8s \u00abl\u2019Utilisateur\u00bb). L\u2019identification compl\u00e8te du Prestataire est disponible sur la page des mentions l\u00e9gales du site. [&hellip;]","og_url":"https:\/\/kabellion.net\/index.php\/conditions-generales-dutilisation\/","og_site_name":"kabellion","twitter_card":"summary_large_image","twitter_misc":{"Dur\u00e9e de lecture estim\u00e9e":"3 minutes"},"schema":{"@context":"https:\/\/schema.org","@graph":[{"@type":"WebPage","@id":"https:\/\/kabellion.net\/index.php\/conditions-generales-dutilisation\/","url":"https:\/\/kabellion.net\/index.php\/conditions-generales-dutilisation\/","name":"Conditions g\u00e9n\u00e9rales d'utilisation - kabellion","isPartOf":{"@id":"https:\/\/kabellion.net\/#website"},"datePublished":"2023-11-02T09:54:37+00:00","breadcrumb":{"@id":"https:\/\/kabellion.net\/index.php\/conditions-generales-dutilisation\/#breadcrumb"},"inLanguage":"fr-FR","potentialAction":[{"@type":"ReadAction","target":["https:\/\/kabellion.net\/index.php\/conditions-generales-dutilisation\/"]}]},{"@type":"BreadcrumbList","@id":"https:\/\/kabellion.net\/index.php\/conditions-generales-dutilisation\/#breadcrumb","itemListElement":[{"@type":"ListItem","position":1,"name":"Accueil","item":"https:\/\/kabellion.net\/"},{"@type":"ListItem","position":2,"name":"Conditions g\u00e9n\u00e9rales d&rsquo;utilisation"}]},{"@type":"WebSite","@id":"https:\/\/kabellion.net\/#website","url":"https:\/\/kabellion.net\/","name":"kabellion","description":"Kabellion Histoire &amp; patrimoine de Cavaillon","publisher":{"@id":"https:\/\/kabellion.net\/#organization"},"potentialAction":[{"@type":"SearchAction","target":{"@type":"EntryPoint","urlTemplate":"https:\/\/kabellion.net\/?s={search_term_string}"},"query-input":{"@type":"PropertyValueSpecification","valueRequired":true,"valueName":"search_term_string"}}],"inLanguage":"fr-FR"},{"@type":"Organization","@id":"https:\/\/kabellion.net\/#organization","name":"kabellion","url":"https:\/\/kabellion.net\/","logo":{"@type":"ImageObject","inLanguage":"fr-FR","@id":"https:\/\/kabellion.net\/#\/schema\/logo\/image\/","url":"https:\/\/kabellion.net\/wp-content\/uploads\/2023\/10\/Logo-Kabellion.jpeg","contentUrl":"https:\/\/kabellion.net\/wp-content\/uploads\/2023\/10\/Logo-Kabellion.jpeg","width":843,"height":363,"caption":"kabellion"},"image":{"@id":"https:\/\/kabellion.net\/#\/schema\/logo\/image\/"}}]}},"_links":{"self":[{"href":"https:\/\/kabellion.net\/index.php\/wp-json\/wp\/v2\/pages\/197","targetHints":{"allow":["GET"]}}],"collection":[{"href":"https:\/\/kabellion.net\/index.php\/wp-json\/wp\/v2\/pages"}],"about":[{"href":"https:\/\/kabellion.net\/index.php\/wp-json\/wp\/v2\/types\/page"}],"author":[{"embeddable":true,"href":"https:\/\/kabellion.net\/index.php\/wp-json\/wp\/v2\/users\/1"}],"replies":[{"embeddable":true,"href":"https:\/\/kabellion.net\/index.php\/wp-json\/wp\/v2\/comments?post=197"}],"version-history":[{"count":1,"href":"https:\/\/kabellion.net\/index.php\/wp-json\/wp\/v2\/pages\/197\/revisions"}],"predecessor-version":[{"id":198,"href":"https:\/\/kabellion.net\/index.php\/wp-json\/wp\/v2\/pages\/197\/revisions\/198"}],"wp:attachment":[{"href":"https:\/\/kabellion.net\/index.php\/wp-json\/wp\/v2\/media?parent=197"}],"curies":[{"name":"wp","href":"https:\/\/api.w.org\/{rel}","templated":true}]}}